{"id":16270,"date":"2025-05-26T13:23:58","date_gmt":"2025-05-26T11:23:58","guid":{"rendered":"https:\/\/perfettohome.sk\/produkt\/wellaflex-hajlakk-sensitive-3-250ml\/"},"modified":"2025-05-26T13:23:58","modified_gmt":"2025-05-26T11:23:58","slug":"wellaflex-hajlakk-sensitive-3-250ml","status":"publish","type":"product","link":"https:\/\/perfettohome.sk\/hu\/produkt\/wellaflex-hajlakk-sensitive-3-250ml\/","title":{"rendered":"Wellaflex hajlakk &#8211; Sensitive 3 250ml"},"content":{"rendered":"<article class=\"text-token-text-primary w-full\" dir=\"auto\" data-testid=\"conversation-turn-32\" data-scroll-anchor=\"true\">\n<div class=\"text-base my-auto mx-auto py-5 [--thread-content-margin:--spacing(4)] @[37rem]:[--thread-content-margin:--spacing(6)] @[72rem]:[--thread-content-margin:--spacing(16)] px-(--thread-content-margin)\">\n<div class=\"[--thread-content-max-width:32rem] @[34rem]:[--thread-content-max-width:40rem] @[64rem]:[--thread-content-max-width:48rem] mx-auto flex max-w-(--thread-content-max-width) flex-1 text-base gap-4 md:gap-5 lg:gap-6 group\/turn-messages focus-visible:outline-hidden\">\n<div class=\"group\/conversation-turn relative flex w-full min-w-0 flex-col agent-turn\">\n<div class=\"relative flex-col gap-1 md:gap-3\">\n<div class=\"flex max-w-full flex-col grow\">\n<div class=\"min-h-8 text-message relative flex w-full flex-col items-end gap-2 text-start break-words whitespace-normal [.text-message+&amp;]:mt-5\" dir=\"auto\" data-message-author-role=\"assistant\" data-message-id=\"9748bee3-d21a-48ab-984d-8ba4e9fc1261\" data-message-model-slug=\"gpt-4o-mini\">\n<div class=\"flex w-full flex-col gap-1 empty:hidden first:pt-[3px]\">\n<div class=\"markdown prose dark:prose-invert w-full break-words light\">\n<p data-start=\"21\" data-end=\"343\">A Wellaflex Hajlakk Sensitive 3 (250 ml) kifejezetten az \u00e9rz\u00e9keny fejb\u0151rre \u00e9s hajra lett kifejlesztve. K\u00f6zepes tart\u00e1st biztos\u00edt, amely a hely\u00e9n tartja a frizur\u00e1t, ugyanakkor a hajat term\u00e9szetesen rugalmass\u00e1 \u00e9s \u00e9lettel teliv\u00e9 teszi. Olyan \u00f6sszetev\u0151kkel gazdag\u00edtott, amelyek cs\u00f6kkentik a b\u0151rirrit\u00e1ci\u00f3 kock\u00e1zat\u00e1t \u00e9s v\u00e9dik a hajat a k\u00fcls\u0151 hat\u00e1sokt\u00f3l.  <\/p>\n<p data-start=\"345\" data-end=\"358\"><strong data-start=\"345\" data-end=\"358\">Alkalmaz\u00e1s:<\/strong><\/p>\n<p data-start=\"360\" data-end=\"532\" data-is-last-node=\"\" data-is-only-node=\"\">Egyenletesen vigye fel a sz\u00e1raz hajra kb. 30 cm t\u00e1vols\u00e1gb\u00f3l. A r\u00f6gz\u00edt\u00e9s fokoz\u00e1sa \u00e9rdek\u00e9ben f\u00fajja k\u00f6zvetlen\u00fcl a hajt\u00f6vekre. A hajlakk k\u00f6nnyen kif\u00e9s\u00fclhet\u0151, \u00e9s nem hagy ragacsos maradv\u00e1nyokat.  <\/p>\n<\/div>\n<\/div>\n<\/div>\n<\/div>\n<div class=\"flex justify-start\">\n<div class=\"touch:-me-2 touch:-ms-3.5 -ms-2.5 -me-1 flex items-center p-1 select-none -mt-1 duration-[1.5s] focus-within:transition-none hover:transition-none pointer-events-none [mask-image:linear-gradient(to_right,black_33%,transparent_66%)] [mask-size:300%_100%] [mask-position:100%_0%] motion-safe:transition-[mask-position] group-hover\/turn-messages:pointer-events-auto group-hover\/turn-messages:[mask-position:0_0] group-focus-within\/turn-messages:pointer-events-auto group-focus-within\/turn-messages:[mask-position:0_0] has-data-[state=open]:pointer-events-auto has-data-[state=open]:[mask-position:0_0]\">\n<div class=\"flex items-center\"><\/div>\n<\/div>\n<\/div>\n<div class=\"mt-3 w-full empty:hidden\">\n<div class=\"text-center\"><\/div>\n<\/div>\n<\/div>\n<div class=\"absolute\">\n<div class=\"flex items-center justify-center\"><\/div>\n<\/div>\n<\/div>\n<\/div>\n<\/div>\n<\/article>\n<div class=\"pointer-events-none h-px w-px\" aria-hidden=\"true\" data-edge=\"true\"><\/div>\n","protected":false},"excerpt":{"rendered":"<p>A Wellaflex Hajlakk Sensitive 3 (250 ml) kifejezetten az \u00e9rz\u00e9keny fejb\u0151rre \u00e9s hajra lett kifejlesztve. K\u00f6zepes tart\u00e1st biztos\u00edt, amely a hely\u00e9n tartja a frizur\u00e1t, ugyanakkor a hajat term\u00e9szetesen rugalmass\u00e1 \u00e9s \u00e9lettel teliv\u00e9 teszi. Olyan \u00f6sszetev\u0151kkel gazdag\u00edtott, amelyek cs\u00f6kkentik a b\u0151rirrit\u00e1ci\u00f3 kock\u00e1zat\u00e1t \u00e9s v\u00e9dik a hajat a k\u00fcls\u0151 hat\u00e1sokt\u00f3l. Alkalmaz\u00e1s: Egyenletesen vigye fel a sz\u00e1raz hajra [&hellip;]<\/p>\n","protected":false},"featured_media":16272,"template":"","meta":[],"product_brand":[195],"product_cat":[300],"product_tag":[],"class_list":{"0":"post-16270","1":"product","2":"type-product","3":"status-publish","4":"has-post-thumbnail","6":"product_brand-wella","7":"product_cat-hajapolas","9":"first","10":"instock","11":"taxable","12":"shipping-taxable","13":"purchasable","14":"product-type-simple"},"_links":{"self":[{"href":"https:\/\/perfettohome.sk\/hu\/wp-json\/wp\/v2\/product\/16270","targetHints":{"allow":["GET"]}}],"collection":[{"href":"https:\/\/perfettohome.sk\/hu\/wp-json\/wp\/v2\/product"}],"about":[{"href":"https:\/\/perfettohome.sk\/hu\/wp-json\/wp\/v2\/types\/product"}],"wp:featuredmedia":[{"embeddable":true,"href":"https:\/\/perfettohome.sk\/hu\/wp-json\/wp\/v2\/media\/16272"}],"wp:attachment":[{"href":"https:\/\/perfettohome.sk\/hu\/wp-json\/wp\/v2\/media?parent=16270"}],"wp:term":[{"taxonomy":"product_brand","embeddable":true,"href":"https:\/\/perfettohome.sk\/hu\/wp-json\/wp\/v2\/product_brand?post=16270"},{"taxonomy":"product_cat","embeddable":true,"href":"https:\/\/perfettohome.sk\/hu\/wp-json\/wp\/v2\/product_cat?post=16270"},{"taxonomy":"product_tag","embeddable":true,"href":"https:\/\/perfettohome.sk\/hu\/wp-json\/wp\/v2\/product_tag?post=16270"}],"curies":[{"name":"wp","href":"https:\/\/api.w.org\/{rel}","templated":true}]}}

<article class="text-token-text-primary w-full" dir="auto" data-testid="conversation-turn-32" data-scroll-anchor="true">
<div class="text-base my-auto mx-auto py-5 [--thread-content-margin:--spacing(4)] @[37rem]:[--thread-content-margin:--spacing(6)] @[72rem]:[--thread-content-margin:--spacing(16)] px-(--thread-content-margin)">
<div class="[--thread-content-max-width:32rem] @[34rem]:[--thread-content-max-width:40rem] @[64rem]:[--thread-content-max-width:48rem] mx-auto flex max-w-(--thread-content-max-width) flex-1 text-base gap-4 md:gap-5 lg:gap-6 group/turn-messages focus-visible:outline-hidden">
<div class="group/conversation-turn relative flex w-full min-w-0 flex-col agent-turn">
<div class="relative flex-col gap-1 md:gap-3">
<div class="flex max-w-full flex-col grow">
<div class="min-h-8 text-message relative flex w-full flex-col items-end gap-2 text-start break-words whitespace-normal [.text-message+&amp;]:mt-5" dir="auto" data-message-author-role="assistant" data-message-id="9748bee3-d21a-48ab-984d-8ba4e9fc1261" data-message-model-slug="gpt-4o-mini">
<div class="flex w-full flex-col gap-1 empty:hidden first:pt-[3px]">
<div class="markdown prose dark:prose-invert w-full break-words light">
<p data-start="21" data-end="343">A Wellaflex Hajlakk Sensitive 3 (250 ml) kifejezetten az érzékeny fejbőrre és hajra lett kifejlesztve. Közepes tartást biztosít, amely a helyén tartja a frizurát, ugyanakkor a hajat természetesen rugalmassá és élettel telivé teszi. Olyan összetevőkkel gazdagított, amelyek csökkentik a bőrirritáció kockázatát és védik a hajat a külső hatásoktól.  </p>
<p data-start="345" data-end="358"><strong data-start="345" data-end="358">Alkalmazás:</strong></p>
<p data-start="360" data-end="532" data-is-last-node="" data-is-only-node="">Egyenletesen vigye fel a száraz hajra kb. 30 cm távolságból. A rögzítés fokozása érdekében fújja közvetlenül a hajtövekre. A hajlakk könnyen kifésülhető, és nem hagy ragacsos maradványokat.  </p>
</div>
</div>
</div>
</div>
<div class="flex justify-start">
<div class="touch:-me-2 touch:-ms-3.5 -ms-2.5 -me-1 flex items-center p-1 select-none -mt-1 duration-[1.5s] focus-within:transition-none hover:transition-none pointer-events-none [mask-image:linear-gradient(to_right,black_33%,transparent_66%)] [mask-size:300%_100%] [mask-position:100%_0%] motion-safe:transition-[mask-position] group-hover/turn-messages:pointer-events-auto group-hover/turn-messages:[mask-position:0_0] group-focus-within/turn-messages:pointer-events-auto group-focus-within/turn-messages:[mask-position:0_0] has-data-[state=open]:pointer-events-auto has-data-[state=open]:[mask-position:0_0]">
<div class="flex items-center"></div>
</div>
</div>
<div class="mt-3 w-full empty:hidden">
<div class="text-center"></div>
</div>
</div>
<div class="absolute">
<div class="flex items-center justify-center"></div>
</div>
</div>
</div>
</div>
</article>
<div class="pointer-events-none h-px w-px" aria-hidden="true" data-edge="true"></div>

<p>A Wellaflex Hajlakk Sensitive 3 (250 ml) kifejezetten az érzékeny fejbőrre és hajra lett kifejlesztve. Közepes tartást biztosít, amely a helyén tartja a frizurát, ugyanakkor a hajat természetesen rugalmassá és élettel telivé teszi. Olyan összetevőkkel gazdagított, amelyek csökkentik a bőrirritáció kockázatát és védik a hajat a külső hatásoktól. Alkalmazás: Egyenletesen vigye fel a száraz hajra [&hellip;]</p>
