{"id":16461,"date":"2025-03-27T19:58:04","date_gmt":"2025-03-27T18:58:04","guid":{"rendered":"https:\/\/perfettohome.sk\/produkt\/lexy-summer-5l\/"},"modified":"2025-03-27T19:58:04","modified_gmt":"2025-03-27T18:58:04","slug":"lexy-summer-5l","status":"publish","type":"product","link":"https:\/\/perfettohome.sk\/hu\/produkt\/lexy-summer-5l\/","title":{"rendered":"Lexy Summer 5L"},"content":{"rendered":"<p>Fedezze fel a Lexy textilpuh\u00edt\u00f3 formul\u00e1j\u00e1t, amely minden egyes mos\u00e1ssal csod\u00e1latos puhas\u00e1got \u00e9s hosszan tart\u00f3 frissess\u00e9get biztos\u00edt. Ezt a k\u00fcl\u00f6nleges textilpuh\u00edt\u00f3t \u00fagy tervezt\u00fck meg, hogy t\u00f6k\u00e9letesen alkalmazkodjon minden t\u00edpus\u00fa sz\u00f6vethez, legyen az pamut, szintetikus vagy gyapj\u00fa. <\/p>\n<p>K\u00e9sz\u00edtm\u00e9ny\u00fcnk meg\u0151rzi az \u00e9l\u00e9nk sz\u00edneket \u00e9s a ruhadarab eredeti \u00e1llapot\u00e1t, \u00e9s k\u00e9sz\u00edtm\u00e9nye cs\u00f6kkenti a gy\u0171r\u0151d\u00e9st, \u00edgy a vasal\u00e1s sokkal k\u00f6nnyebb\u00e9 v\u00e1lik. K\u00f6rnyezettudatos v\u00e1laszt\u00e1s, mivel a csomagol\u00e1s \u00fajrahasznos\u00edthat\u00f3 anyagokb\u00f3l k\u00e9sz\u00fcl, cs\u00f6kkentve ezzel az \u00f6kol\u00f3giai l\u00e1bnyomot. <\/p>\n<p>A ny\u00e1r naps\u00fct\u00e9ses, gy\u00fcm\u00f6lcs\u00f6s illatot hoz, amely energi\u00e1t \u00e9s j\u00f3 hangulatot ad.<\/p>\n<p>V\u00e1lassza a Lexy textill\u00e1gy\u00edt\u00f3t, ha nem csak tiszt\u00e1n \u00e9s frissen, hanem k\u00f6rnyezetbar\u00e1t m\u00f3don is szeretn\u00e9 tartani ruh\u00e1it. \u00c9lje \u00e1t a puha, illatos ruh\u00e1k \u00f6r\u00f6m\u00e9t, mik\u00f6zben kiveszi a r\u00e9sz\u00e9t a k\u00f6rnyezet v\u00e9delm\u00e9b\u0151l! <\/p>\n<p><a href=\"https:\/\/perfettohome.sk\/wp-content\/uploads\/2025\/03\/Lexy-Concentrated-Fabric-Conditioner-Summer_SDS_SK_V1-1.pdf\">Biztons\u00e1gi k\u00e1rtya<\/a><\/p>\n","protected":false},"excerpt":{"rendered":"<p>Fedezze fel a Lexy textilpuh\u00edt\u00f3 formul\u00e1j\u00e1t, amely minden egyes mos\u00e1ssal csod\u00e1latos puhas\u00e1got \u00e9s hosszan tart\u00f3 frissess\u00e9get biztos\u00edt. Ezt a k\u00fcl\u00f6nleges textilpuh\u00edt\u00f3t \u00fagy tervezt\u00fck meg, hogy t\u00f6k\u00e9letesen alkalmazkodjon minden t\u00edpus\u00fa sz\u00f6vethez, legyen az pamut, szintetikus vagy gyapj\u00fa. K\u00e9sz\u00edtm\u00e9ny\u00fcnk meg\u0151rzi az \u00e9l\u00e9nk sz\u00edneket \u00e9s a ruhadarab eredeti \u00e1llapot\u00e1t, \u00e9s k\u00e9sz\u00edtm\u00e9nye cs\u00f6kkenti a gy\u0171r\u0151d\u00e9st, \u00edgy a vasal\u00e1s sokkal [&hellip;]<\/p>\n","protected":false},"featured_media":9724,"template":"","meta":[],"product_brand":[44],"product_cat":[290],"product_tag":[],"class_list":{"0":"post-16461","1":"product","2":"type-product","3":"status-publish","4":"has-post-thumbnail","6":"product_brand-lexy","7":"product_cat-lexy-hu","9":"first","10":"instock","11":"taxable","12":"shipping-taxable","13":"purchasable","14":"product-type-simple"},"_links":{"self":[{"href":"https:\/\/perfettohome.sk\/hu\/wp-json\/wp\/v2\/product\/16461","targetHints":{"allow":["GET"]}}],"collection":[{"href":"https:\/\/perfettohome.sk\/hu\/wp-json\/wp\/v2\/product"}],"about":[{"href":"https:\/\/perfettohome.sk\/hu\/wp-json\/wp\/v2\/types\/product"}],"wp:featuredmedia":[{"embeddable":true,"href":"https:\/\/perfettohome.sk\/hu\/wp-json\/wp\/v2\/media\/9724"}],"wp:attachment":[{"href":"https:\/\/perfettohome.sk\/hu\/wp-json\/wp\/v2\/media?parent=16461"}],"wp:term":[{"taxonomy":"product_brand","embeddable":true,"href":"https:\/\/perfettohome.sk\/hu\/wp-json\/wp\/v2\/product_brand?post=16461"},{"taxonomy":"product_cat","embeddable":true,"href":"https:\/\/perfettohome.sk\/hu\/wp-json\/wp\/v2\/product_cat?post=16461"},{"taxonomy":"product_tag","embeddable":true,"href":"https:\/\/perfettohome.sk\/hu\/wp-json\/wp\/v2\/product_tag?post=16461"}],"curies":[{"name":"wp","href":"https:\/\/api.w.org\/{rel}","templated":true}]}}

<p>Fedezze fel a Lexy textilpuhító formuláját, amely minden egyes mosással csodálatos puhaságot és hosszan tartó frissességet biztosít. Ezt a különleges textilpuhítót úgy terveztük meg, hogy tökéletesen alkalmazkodjon minden típusú szövethez, legyen az pamut, szintetikus vagy gyapjú. </p>
<p>Készítményünk megőrzi az élénk színeket és a ruhadarab eredeti állapotát, és készítménye csökkenti a gyűrődést, így a vasalás sokkal könnyebbé válik. Környezettudatos választás, mivel a csomagolás újrahasznosítható anyagokból készül, csökkentve ezzel az ökológiai lábnyomot. </p>
<p>A nyár napsütéses, gyümölcsös illatot hoz, amely energiát és jó hangulatot ad.</p>
<p>Válassza a Lexy textillágyítót, ha nem csak tisztán és frissen, hanem környezetbarát módon is szeretné tartani ruháit. Élje át a puha, illatos ruhák örömét, miközben kiveszi a részét a környezet védelméből! </p>
<p><a href="https://perfettohome.sk/wp-content/uploads/2025/03/Lexy-Concentrated-Fabric-Conditioner-Summer_SDS_SK_V1-1.pdf">Biztonsági kártya</a></p>

<p>Fedezze fel a Lexy textilpuhító formuláját, amely minden egyes mosással csodálatos puhaságot és hosszan tartó frissességet biztosít. Ezt a különleges textilpuhítót úgy terveztük meg, hogy tökéletesen alkalmazkodjon minden típusú szövethez, legyen az pamut, szintetikus vagy gyapjú. Készítményünk megőrzi az élénk színeket és a ruhadarab eredeti állapotát, és készítménye csökkenti a gyűrődést, így a vasalás sokkal [&hellip;]</p>
